he tens digit of v?
1
Suppose -5*d = -3*p - 526 - 1801, d - 467 = -p. What is the units digit of d?
6
Suppose 4*h + 5 = -4*n + 1, 0 = -h - 2. Let t(x) = 33*x + 573 - 573. What is the tens digit of t(n)?
3
Let w(f) = -2*f**2 + f + 30. Let p(s) = -s**2 + s + 29. Let r(x) = 4*p(x) - 3*w(x). What is the tens digit of r(5)?
8
Suppose -9*p + 8 = -5*p. Let w be 3/p - 3/2. Suppose -4*m + m + 72 = w. What is the units digit of m?
4
Let l = -6811 + -1619. What is the tens digit of l/(-50) + (-6)/10?
6
Suppose 1827 = v + 3*k - 507, 0 = -5*v + 5*k + 11650. What is the tens digit of v?
3
Let s(j) = 3*j**2 + 13*j - 58. What is the hundreds digit of s(10)?
3
Let g(x) = 2*x**2 + 4*x + 3. Let w be g(-2). Let p(o) = -2*o**3 + 0*o**w - 6 - 6*o - 7*o**2 + 3. What is the units digit of p(-4)?
7
Let m be (-5)/30 + 165/18 + -1. Let h(z) = 32*z + 28. What is the hundreds digit of h(m)?
2
Let k(b) be the second derivative of b**5/20 - b**4/12 + 15*b**2 + b. Let g = 254 + -254. What is the tens digit of k(g)?
3
Let x = -204 - -306. Suppose d + 2*d = 5*b + 121, -2*b + x = 2*d. What is the tens digit of d?
4
Let y = -940 + 1639. What is the units digit of y?
9
Let h(f) be the third derivative of f**5/60 + f**4/12 - 5*f**3/3 + 3*f**2. What is the tens digit of h(7)?
5
Suppose 22*c - 15 = 17*c. Suppose c*v = 1393 - 355. What is the units digit of v?
6
Let u = 4329 + -2172. What is the hundreds digit of u?
1
Let o = 243 - -84. What is the tens digit of o?
2
Let o(g) = g**3 - 18*g**2 + 17*g + 55. Suppose -4*s + 2*s + 3*p = -22, 5*s + 2*p = 93. What is the tens digit of o(s)?
5
Let m(s) = 48*s + 62. What is the tens digit of m(10)?
4
Suppose -4*f + 23 - 11 = 0. Let q(l) = 2 + 0 - 19*l - f. What is the tens digit of q(-2)?
3
Let g(d) = d**3 + 8*d**2 + d - 20. Let b be 17 - 13 - 9*1. Let s(v) = -2*v**3 - 15*v**2 - v + 39. Let j(o) = b*g(o) - 2*s(o). What is the units digit of j(-10)?
2
Let i be 5/3 - 2/(-6). Suppose -h = -i + 5. What is the tens digit of 1*(h - (-39 - -2))?
3
Suppose -3*a = 3*y - 4014, 5*a - 2231 = y + 4471. What is the units digit of a?
0
Let m(p) = p + 10. Let n be m(-5). Suppose -5*a = 4*c - 33, -2*c + 5*a = 16 + n. Suppose -2*g + 38 = -3*b, c*b + 0*b + 17 = g. What is the units digit of g?
5
Suppose 4*f = f + 18. Let p = -5 - f. Let z = 16 + p. What is the units digit of z?
5
Suppose -6*j + 648 = 3*j. Suppose -7*l + 11*l = j. What is the units digit of l?
8
Suppose 1823 = 3*u - m, -2*m - 1218 = 3*u - 5*u. What is the tens digit of u?
0
Let a = -28 - -26. What is the tens digit of a/(-11) + 3692/143?
2
Let h(i) = i**3 + 10*i**2 + 16*i + 24. Let f be h(-8). Let q be (4/6)/((-1)/18). Let a = q + f. What is the units digit of a?
2
Let i = -51 + 48. What is the units digit of (-3)/2*i/18*4?
1
Let z = 4659 - 3142. What is the tens digit of z?
1
Let m(p) = -31*p - 55. What is the hundreds digit of m(-19)?
5
Suppose -3*u - 355 - 95 = 5*y, -2*y - 191 = -u. Let j = 60 + y. Let v = 49 + j. What is the tens digit of v?
1
Let j(r) = -2*r + 6. Let q be j(-11). Let o = -19 + q. What is the units digit of ((-10)/(-2) + -4)*o?
9
Let d(u) = 112*u**2 + 9*u + 84. What is the thousands digit of d(-5)?
2
Suppose 0*h - h - 18 = 0. What is the units digit of 4/h - 29*(-4)/36?
3
Suppose 3*w + 15 = d + 2*w, 4*w + 16 = 0. Let z be (8/(-6))/(d/(-33)). Suppose -z*y + 45 = -11. What is the tens digit of y?
1
Suppose -20*x + 2440 = -16*x. What is the tens digit of x?
1
Let j = 32 + -18. Let d be (-92 + j)/(6/4). Let t = d + 103. What is the units digit of t?
1
Let c = -262 - -1221. What is the hundreds digit of c?
9
Let s(v) = -v**3 + 8*v**2 + 11. Suppose 0 = -2*r + 16 - 4. Let z = 14 - r. What is the units digit of s(z)?
1
Suppose -3*k + 3*v + 1521 = 0, 7*k - 2*v = 12*k - 2542. Let g = k - 285. What is the tens digit of g?
2
Let f be (-1 - -3)/((-3)/9*-2). What is the hundreds digit of 1 + 99 + f + -3?
1
Let d(c) = 3*c**3 - 3*c**2 + c. Let p be d(2). Suppose h - p - 19 = 0. What is the tens digit of h?
3
Suppose -2*o + 3*q = 3 - 11, -2*o + q = -8. Suppose 0 = -v - o*v + 315. Suppose 0 = u + 2*u - v. What is the units digit of u?
1
Suppose 2*t + t = -423. Let a = -43 - t. What is the units digit of a?
8
Let z(d) = d**3 - 4. Let j be z(2). Let g(c) = 33*c + 18. What is the tens digit of g(j)?
5
Let n(q) = 2*q**2 - 66*q + 65. What is the tens digit of n(34)?
3
Suppose 4*k = 6 + 22. Let w = k + -2. Let g(s) = -s**3 + 6*s**2 + 5. What is the tens digit of g(w)?
3
Let b(w) = -8 + 4*w**2 + 9 + 2*w - 3*w**2 - 9. Let f be b(-8). Let q = -19 + f. What is the units digit of q?
1
Let c(a) = -4*a**2 + 9*a - 8. Let w(t) = 5*t**2 - 9*t + 9. Let b(i) = -4*c(i) - 3*w(i). Let r be b(9). Suppose -20 - 10 = -r*x. What is the units digit of x?
6
Let o be 1 - 2 - (40/(-5) - -5). Suppose 4*c - 7*c = o*h - 275, 125 = h + 4*c. What is the units digit of h?
5
Let v(c) be the first derivative of -53*c**2/2 - 2*c - 31. What is the tens digit of v(-1)?
5
Suppose -f = -5 - 3. Suppose 13 = 3*n - f. Suppose 4*k = -5*a + 17, -a + 4*k = 4*a + n. What is the units digit of a?
1
Suppose 523 = -7*a + 1279. What is the tens digit of a?
0
Let u = -10 - -48. Let o = -35 + u. Suppose 54 = 2*d + 2*l, -d + l + o*l = -2. What is the units digit of d?
2
Let t be ((-1)/(-2))/((-8)/208). Let v = 12 + t. What is the units digit of v*-9*(-4)/(-4)?
9
What is the tens digit of ((-3696)/(-30))/(2/5)?
0
Let l = 3026 - -1550. What is the thousands digit of l?
4
Suppose 4*f = 8*f - 192. Let z = f - 2. Let g = 66 - z. What is the tens digit of g?
2
Let b be (-2)/6 + (-430)/(-3). Let h = -32 + b. What is the units digit of h?
1
Suppose 0 = -2*g + 748 + 864. What is the tens digit of g?
0
Let w(z) = -7*z**2 + 27*z + 6. Let a(g) = 0*g**2 + 3 + 21*g - 8*g - 3*g**2. Let n(k) = -9*a(k) + 4*w(k). What is the units digit of n(-8)?
5
Let p(o) = o**2 - 4*o - 3. Let c be p(-3). Suppose 0 = -2*q + 5*q - c. Suppose -3*h = -2*r + 80, 2*r - 2*h = -q*h + 80. What is the units digit of r?
0
Suppose 2*d - 2 = 0, -2*d = 5*n - 0*d - 2607. What is the units digit of n?
1
Let o(d) = -8*d - 2. Suppose -3*u = -8*v + 3*v + 9, -2 = 2*v - 4*u. Suppose x + 3*h - 3 = 7, -2*x + 8 = v*h. What is the units digit of o(x)?
4
Suppose 2*d + 4 - 12 = 0. Suppose 3*y + 4*q - 1220 = -y, y = q + 303. What is the units digit of (-10)/d*y/(-40)?
9
Let s = -518 - -830. Let g = s - 182. What is the units digit of 21/14*g/3?
5
Suppose -143*h + 238581 = -94*h. What is the hundreds digit of h?
8
Let x(q) = 7*q**3 - q - 2. Let k be x(-1). What is the units digit of 24/(-64) - 219/k?
7
Suppose 0 = 3*z + 2*c - 92, z = 3*c + 15 + 12. Suppose 5*d + 0*d = z. What is the units digit of ((-58)/6)/((-2)/d)?
9
Suppose 5*y - 2*b = 4128, 0 = 3*y - 8*b + 6*b - 2476. What is the tens digit of y?
2
Let b(t) = 210*t**3 + t**2 - 2. What is the hundreds digit of b(1)?
2
Let d be -1 + 2 - (4 - (-9)/(-3)). Suppose d = 2*k - 5*k + 186. What is the units digit of k?
2
What is the hundreds digit of ((-22)/(-4))/((-4456)/496 - -9)?
3
Suppose 10*x - 6136 = -846. What is the hundreds digit of x?
5
What is the hundreds digit of 844 - (-7 + 0)/(-7)?
8
Let o = 80 - 42. Let a = o + -36. Suppose -27 = -a*b - 2*s + 103, -5*b - 4*s + 323 = 0. What is the tens digit of b?
6
Suppose 0 = -3*z + 3*u + 27, -3*z + 2*z = 3*u - 1. Suppose 246 = z*j - 111. What is the units digit of j?
1
What is the tens digit of 35 + 2 - 6*-1?
4
Let j = 21 - 19. Let n(w) = -5*w + 8*w - 1 + 32*w**j - 3*w. What is the units digit of n(-1)?
1
Let z = -156 + 154. What is the tens digit of z - (1 - 7) - (-364)/7?
5
Let x(o) = -34*o**3 - 2*o**2 + 18*o**3 - 2 + 15*o**3 - 5*o. What is the units digit of x(-3)?
2
Suppose 0 = b + 3*b + 64. Let h be (-42)/4*b/3. Suppose -t = -5*t + h. What is the units digit of t?
4
Let n(s) = 30*s - 5. Let v(k) = k**2 - 7*k + 8. Let q be v(6). What is the tens digit of n(q)?
5
Let g = -9 - -15. Suppose -2*t - 5 = v, 7*v - 5*v = -3*t - g. What is the units digit of (v - -7)*1 + 1?
1
Suppose -f = -3*u + 215 + 1028, -5*u + 2*f = -2070. What is the units digit of u?
6
What is the units digit of (-2)/((-15 - -19) + 2876/(-718))?
9
Suppose 0*d - 3*t = -5*d - 26, 2 = -2*d - 3*t. Let k = d - -10. Suppose -12 = -k*g + 3*g. What is the units digit of g?
4
Suppose -129 = -6*u - 33. Suppose -17 = j + 3*d, -d - u = 3*j + d. What 